(20/(-16))/1)/((-3)/o)?
5, 47
Suppose -3*m - 64 = -5*m. Suppose -m*r + 9 = -29*r. List the prime factors of r.
3
Let a(c) = 5*c**2 + 27*c + 6. List the prime factors of a(-11).
2, 157
Let g = 0 - 13. Let a be -90*(-3 - (-68)/20). Let j = g - a. List the prime factors of j.
23
Let s(o) = o**3 - 3*o**2 + 3*o + 1. Let j be s(3). Suppose -3*d = -j - 5. Suppose -5*f + d = v, -4*v - 4*f = -0*v - 68. List the prime factors of v.
2, 5
Suppose 0 = 4*a - 8, 3*a = -2*m - 2*a + 214. Suppose -9*q = -7*q - m. What are the prime factors of q?
3, 17
Let p be 2 - 0 - (-21 - 3)/(-4). Let a(k) = 7*k**2 + 11*k. What are the prime factors of a(p)?
2, 17
Suppose 5*s - 422 = 3*s - 4*z, 3*z + 9 = 0. List the prime factors of s.
7, 31
Let d(t) be the third derivative of t**5/30 + 3*t**4/8 - 3*t**3/2 - 4*t**2. Suppose 48 = -4*p - 4*m, -5*p - m + 2*m = 30. List the prime factors of d(p).
2, 13
Suppose 5*h + 54*m - 49*m = 665, 5*h - 3*m = 625. List the prime factors of h.
2
What are the prime factors of (47 - 460)/(-1 - 0)?
7, 59
Let c(p) = 69*p**3 + 4*p**2 - p - 13. What are the prime factors of c(2)?
7, 79
Let r = 3 - 11. Let q(p) be the third derivative of -p**4/4 + 7*p**3/3 + 5*p**2. What are the prime factors of q(r)?
2, 31
Let j = -36 - -42. Let c be 96 - 3/(-6)*-2. Suppose c = -u + j*u. What are the prime factors of u?
19
Suppose -555 - 13 = -n. What are the prime factors of n?
2, 71
Let k = 24 + -20. Suppose -87 = k*a - 395. List the prime factors of a.
7, 11
Let g be -1*(-6)/(-3) - -2. Let h(j) = j**3 + j**2 + j + 50. Let s be h(g). What are the prime factors of (8/(-2))/((-10)/s)?
2, 5
Suppose 0 = 196*v - 193*v - 3*j - 15357, 2*v - 3*j - 10233 = 0. What are the prime factors of v?
2, 3, 7, 61
Let p(l) = 12*l**2 - 3*l + 12. What are the prime factors of p(10)?
2, 3, 197
Let u(n) = -2*n**3 + 3*n**2 - n - 4. Let f be u(2). What are the prime factors of f/(-15)*60 + (0 - 0)?
2, 5
Suppose -2*l = -3*d - 4, -3*l + 5 = 4*d - 18. Let y(s) = s. Let b be y(l). Suppose x + 3*x = -5*r + 281, b*x - 179 = -3*r. List the prime factors of r.
53
List the prime factors of (16/2 - -15) + -7.
2
Let d(h) = 6*h**2 - 29*h - 61. List the prime factors of d(16).
3, 337
Let d(m) = -13*m + 85. List the prime factors of d(-24).
397
Let c be 894/15 + (-3)/5. Let h = c + -38. What are the prime factors of h?
3, 7
List the prime factors of 66*(2 + -1) - (-41 + 43).
2
Let o be -142*(-2 - 10/(-4)). Let w = o - -209. What are the prime factors of w?
2, 3, 23
Suppose -3*m + 450 = y, -2*y + 5*m = -116 - 817. What are the prime factors of y?
3, 17
Suppose -5 + 2 = b. Let u(y) = -3*y**3 + 2. What are the prime factors of u(b)?
83
Let m(s) = 3*s**3 - 5*s**2 + 2*s + 4. Let x be m(3). Suppose -x = -l + 49. List the prime factors of l.
5, 19
Let s = -387 - -832. What are the prime factors of s?
5, 89
Let z = -196 + 201. Suppose -5*n - 5*p = -460, 0*p - 353 = -4*n - p. Suppose -c = -k + 2*c + 6, z*k + 4*c = n. What are the prime factors of k?
3, 5
Let a be -4 + -4 + 15 - 2. Let y(i) = -i**2 + 13*i - 15. Let d(x) = -x**2 + 14*x - 15. Let k(g) = a*d(g) - 6*y(g). List the prime factors of k(12).
3, 7
List the prime factors of 9 - (-3311)/((-12)/(-12)).
2, 5, 83
Suppose 5*q + 5*d + 51 - 2946 = 0, 0 = -5*q - 4*d + 2892. List the prime factors of q.
2, 3
Let l = -18 - -47. Let w = 43 - l. List the prime factors of w.
2, 7
Suppose 0 = -4*u - 4, 2*u + 23 - 11 = 2*l. Suppose -2*h = -4*h + 28. Suppose -l*w + 3*y = -167, w - h - 21 = -y. List the prime factors of w.
2, 17
Suppose -3*x = -0*o + o + 5, -2 = -4*x + 3*o. Let b be 3/2 + x/2. Suppose 0 = 5*s - 16 + b. What are the prime factors of s?
3
Let p(s) = -s**3 + 6*s**2 + 14*s + 16. Let h(l) = l**2 - 13*l + 7. Let a be h(13). What are the prime factors of p(a)?
5, 13
Let f be 3 + -4 - (-1)/(-1). What are the prime factors of f*6*3/(-12)?
3
Suppose -22 = 2*v + a, v + 32 = -2*v - 2*a. List the prime factors of (-2989)/(-28) - 3/v.
107
Let u(s) = -34*s + 165. List the prime factors of u(-36).
3, 463
Suppose -2*j = 5*r + j - 54, 2*r - 3*j - 30 = 0. Let f = 133 + r. What are the prime factors of f?
5, 29
Let n(u) = -3*u - 34. Let y be n(-13). Suppose -j - 60 = -y*j. What are the prime factors of j?
3, 5
Let g = -58 - -106. Let a be (12/g)/(1/8). What are the prime factors of -4 + a - -40 - 0?
2, 19
Let z be (-24)/(-12) + 26/2. Let j(r) = 16*r + r**3 - 4*r - 2*r**3 + 14*r**2 - 19 + 8*r. What are the prime factors of j(z)?
2, 7
Let w = 53 - 53. Suppose -z + g + 152 = 0, w = 4*z - g + 3*g - 602. List the prime factors of z.
151
Let k(b) be the second derivative of b**4/12 + b**2 - 2*b. Suppose 0*c = 6*c - 24. What are the prime factors of k(c)?
2, 3
Let o(i) = -195*i - 3. Let y be o(-2). Suppose y = 4*m + 31. List the prime factors of m.
89
Let c(a) = 119*a - 2. Let q(s) = -118*s + 1. Let n(y) = -6*c(y) - 5*q(y). What are the prime factors of n(-1)?
131
Let j(c) = c**2 - 2*c + 11. Let b = 3 - 2. Suppose -4*h + 19 = -b. List the prime factors of j(h).
2, 13
Let w be (-1 + (-1)/1)*-14. Suppose 45*u + 2 = 92. What are the prime factors of (w + u)*20/30?
2, 5
What are the prime factors of (267 + -5 - (0 - 4))*13?
2, 7, 13, 19
Let z = 97 - 8. Let f = 163 - z. List the prime factors of f.
2, 37
Let l(d) = -2*d + 4. Let g be l(0). Suppose 15 = -s - g*s. List the prime factors of -1 - (-35 + -1 + s).
2, 19
Let v(f) = f - 9. Let y be v(12). Let q(b) = 9*b - 19. List the prime factors of q(y).
2
Let x(s) = 16*s**3 - 6*s**2 - 12*s + 13. Let t(w) = 11*w**3 - 4*w**2 - 8*w + 9. Let n(k) = -7*t(k) + 5*x(k). List the prime factors of n(3).
53
Let t(w) = -201*w + 180. List the prime factors of t(-10).
2, 3, 5, 73
Suppose -3*j + 2 + 10 = -3*z, 0 = 4*j + 2*z - 40. Let x(q) = q**3 - 8*q**2 + 2*q - 8. Let r be x(j). Let d(s) = 7*s - 28. What are the prime factors of d(r)?
2, 7
Let v = -280 + 517. List the prime factors of v.
3, 79
List the prime factors of 5195 - (2/4 + (-144)/32).
3, 1733
Let u = -311 - -212. Let v = u + 237. List the prime factors of v.
2, 3, 23
List the prime factors of -1 - -2 - -141 - 316/(-79).
2, 73
Let c(l) = l**2 - 7*l + 2. Let q be c(6). Let r = -25 - 85. What are the prime factors of (-1300)/r + q/(-22)?
2, 3
Let n(g) be the first derivative of 3*g**2 + 65*g - 25. What are the prime factors of n(13)?
11, 13
Let f be (6/8)/(1/4). Suppose -f*v + 2*v + 11 = 0. Suppose 248 = v*m - 7*m. What are the prime factors of m?
2, 31
Suppose 0 = -20*k + 23*k + 6. Let i = k + 24. What are the prime factors of i?
2, 11
Suppose -53097 = -17*g + 36068. What are the prime factors of g?
5, 1049
Let f(x) = -3*x + 1. Let n be f(-1). List the prime factors of (-580)/(-8)*(-2 + (n - 0)).
5, 29
Suppose -2*b = -696 - 738. List the prime factors of b.
3, 239
Let d be -2 - (236 - (-20)/5). Let f = 350 + d. Let q = f - 60. List the prime factors of q.
2, 3
Let s = -13 - -16. Suppose -7*i = -s*i - 272. What are the prime factors of i?
2, 17
Let j = -247 + 395. Let w be (4 - (1 - -2)) + j. Suppose -2*g = 5*b - 87, -4*g + w = 3*b + 2*b. List the prime factors of g.
31
Suppose -2*r = -3*o + 297 + 52, 5*o - 590 = 5*r. Let t = 209 - o. Suppose 4*k = 4*f - t, 114 = -2*f + 6*f + 5*k. List the prime factors of f.
2, 13
Suppose x = 4*f - 41, -3*x = -5*x - f - 37. Let h = 19 - x. List the prime factors of h.
2, 5
Let c be (-14)/10 + 5 + 2/5. Suppose 4*o = -2*k + 286, 7*k - c*o - 512 = 3*k. What are the prime factors of k?
7, 19
Let u be (-2)/4*(-16 + 2). Suppose 12*w = u*w + 15. Suppose c - 8 = w*m, 0 = 3*c - 4*m - 0*m - 39. List the prime factors of c.
17
Let p = -26 + 35. What are the prime factors of (21/(-7))/(p/(-33))?
11
Suppose 0 = -h + 4 + 486. Suppose -3*s + h = 73. List the prime factors of s.
139
Let w(p) = 4*p**3 - p**2 + 1. Let h be w(-1). Let u = h + 13. Let t = u - -1. List the prime factors of t.
2, 5
Let w(m) = -10*m + 3. Let o be w(8). Let d = 138 + o. List the prime factors of d.
61
List the prime factors of (-6)/(-9)*297/(-22)*-199.
3, 199
Suppose 3*x = -5*o + 1138, -x + 4*o = -0*o - 385. What are the prime factors of x?
3, 127
Suppose -3*f - 2 = -17. Suppose 5*y + f = 6*y. List the prime factors of y.
5
Suppose -146015 = -64*n + 11*n. List the prime factors of n.
5, 19, 29
Suppose -10*v + 0*v + 3460 = 0. What are the prime factors of v?
2, 173
Let m(u) be the first derivative o